 -2 + f. List the prime factors of 16 + (-4)/8*u.
2
Let m be 380/6*12/(4/2). Suppose -s - 3*s = -m. List the prime factors of s.
5, 19
Suppose -15*f + 5 + 25 = 0. Suppose f*c = 3*y + 3*c - 286, -y + 112 = -3*c. What are the prime factors of y?
97
Suppose 22*g - 2336 = -10*g. What are the prime factors of g?
73
Let z(p) = p - 2. Suppose -l - 6 + 24 = -3*r, -2*r = 4*l + 26. Let m(x) = -3*x + 6. Let q(c) = r*z(c) - 2*m(c). What are the prime factors of q(-3)?
5
Suppose 5*r - 34 = -z, -3*z - 60 = -7*z - r. What are the prime factors of z?
2, 7
Suppose 4*d = 3*m - 872, d = -5*m + 3*d + 1444. Suppose 0*t + 4*t - m = 0. List the prime factors of t.
2, 3
Suppose -5*b + 295 + 35 = 0. List the prime factors of 1378/14 + b/(-154).
2, 7
Let w(y) = 19*y**2 + 22*y + 4. Let m be w(6). What are the prime factors of 6/(48/m) - (-2)/4?
103
Suppose -3*m + 3 = -9. Suppose 4*q = 5*n + 439 - 182, 0 = m*n + 5*q + 222. List the prime factors of 12/3*-1 - n.
7
Suppose -19*y = -2*y - 442. Let m = y - -87. What are the prime factors of m?
113
Suppose -360 = 5*h - 2*q - 7173, 3*h + 3*q - 4071 = 0. What are the prime factors of h?
1361
Let d = 104 - 59. Suppose 3*v - d = -v + 5*p, 5*v - 30 = p. List the prime factors of v.
5
Suppose u - 202 = 5*h + 128, 4*h = -5*u + 1795. List the prime factors of u.
5, 71
Let b(i) = -5 - 2 - 29*i + 10*i - 28*i. List the prime factors of b(-2).
3, 29
Let a = 57 - 60. List the prime factors of ((a/(-6))/1)/((-2)/(-916)).
229
Let m(u) = -6*u**2 - 1. Let n(v) = -v**2 + 1. Let h(p) = -m(p) + 2*n(p). Let d be 28/(-6) + 46/69. What are the prime factors of h(d)?
67
Let d(p) = p**3 + 5*p**2 - 3*p - 2. Let a(s) = 5*s - 12. Let q be a(5). Let z be 6/(-9) + q/(-3). What are the prime factors of d(z)?
13
Suppose 0 = q - 6 - 3. Let m = -18 + q. Let w(a) = -a**3 - 10*a**2 - 12*a - 7. What are the prime factors of w(m)?
2, 5
Let a = 770 + -516. Suppose -5*c = -4*y + y - a, 4*y = -c + 37. List the prime factors of c.
7
Suppose -3*x - 33 = -5*t, x + 0*t - 3*t = -11. Let v(l) be the first derivative of -l**3/3 - 8*l**2 - 16*l + 6. What are the prime factors of v(x)?
3, 13
Suppose 0 = -5*j - 5*n + 13210, -44*n = -2*j - 48*n + 5280. List the prime factors of j.
2, 661
Let y be (-45 - -1)/(-1) - 2. Let c = y + -23. Let g = c + 2. List the prime factors of g.
3, 7
Let x(l) = 2*l - 14. Suppose 18 = 6*u - 4*u. List the prime factors of x(u).
2
List the prime factors of 3 + (5 + -2)*375.
2, 3, 47
Let o(d) = d**3 + 2*d**2 - d - 2. Suppose -2*j - 3*j = 10. Let z be o(j). Let c(l) = l**2 + l + 20. List the prime factors of c(z).
2, 5
Suppose -4*l = -8*l + 112. Let r = l + -28. Suppose -3*x - 3*t + 7*t + 106 = r, 4*x = t + 150. List the prime factors of x.
2, 19
Let l(z) = 3*z**3 + z**2 + z - 1. Let c be l(1). Suppose 0 = -10*n - 2 - 18. List the prime factors of (-26)/(-2) - c/n.
3, 5
Suppose 2*j - 207 = -0*j - 5*k, 5*j = -5*k + 510. List the prime factors of j.
101
Let c be 56 + 4 + 4 - 4. Let n be 204/10 - 24/c. What are the prime factors of (195/n)/((-6)/(-16))?
2, 13
Let d(c) = c**3 - c**2 - 56. Let u be d(0). Let r = u - -96. Suppose 0 = 5*m + 3*w - 68, r = 3*m - w + 3*w. What are the prime factors of m?
2
Suppose 3*a = 15*s - 13*s + 80, a - 4*s - 20 = 0. What are the prime factors of a?
2, 7
Suppose -1512 - 472 = -4*m. List the prime factors of m.
2, 31
Suppose 10*h = 10 - 0. List the prime factors of ((-748)/85)/(h/(-5)).
2, 11
Let g be 4708/(-55) - 1/(-5)*-2. List the prime factors of g/(-4)*(0 - -2).
43
Suppose -2*o = o - 9, o + 401 = -4*z. Let d = z - -177. List the prime factors of 2/(-4 + 306/d).
2, 19
Let x(g) = 13*g - 1. Suppose 5*f + 2*r = 2*f + 31, -f = -r - 12. List the prime factors of x(f).
2, 71
What are the prime factors of 325/(-10)*(-264)/20?
3, 11, 13
Let r(j) = -37*j**2 + 2*j + 1. Let v be r(-1). What are the prime factors of (v/(-4))/(6/36)?
3, 19
Let o be (-8)/(-6)*(-1 - 23). Let s(k) = -2*k + 14. Let f be s(16). Let b = f - o. List the prime factors of b.
2, 7
List the prime factors of (-7)/63*2 - 31331/(-9).
59
Suppose 0 = -5*o + 3*b + 10189, 0 = 2*o - b - 1442 - 2634. What are the prime factors of o?
2039
Suppose 11*d + 1022 = 25*d. List the prime factors of d.
73
Let b(p) = 2*p**2 + 13*p - 19. Let f be b(-10). Let l = 11 + -16. Let v = l + f. List the prime factors of v.
2, 23
List the prime factors of (1 + 0 - -1)/((-8)/(-1028)).
257
Let i(s) = -s**2 + 9*s + 40. What are the prime factors of i(8)?
2, 3
Suppose 30*s + 30 = 33*s. List the prime factors of -20*12/s*(-21)/9.
2, 7
Let m(t) = 1 - t**3 - 2 - 5*t + 7*t**2 - 1. Let o be m(6). Suppose -5*l = -o*b + 18, 0 = b - l - 0 - 5. What are the prime factors of b?
7
Let n = -60 - -103. List the prime factors of n.
43
Let k(f) = -2*f**2 + 6*f**2 + 7*f - 3*f**3 - 9 + 2*f**3. Suppose 60 + 28 = 22*t. List the prime factors of k(t).
19
Suppose 352 = 5*u - u. List the prime factors of 1/(2/u) - 3.
41
Suppose -14 = 2*s - s. Let u(o) = -2*o - 4. List the prime factors of u(s).
2, 3
Suppose 3*j = -8*r + 12*r - 1496, j = 3*r - 1122. List the prime factors of r.
2, 11, 17
Suppose 1751 = -24*v + 7247. List the prime factors of v.
229
Suppose 4*t + 5 = 17. Let k be 0/((-2)/(2/t)). Suppose 5*c = -5*z + 220, -2*c + k*c = -3*z + 122. What are the prime factors of z?
2, 3, 7
Suppose 4*o + 506 = 5*a - 4*a, 2470 = 5*a - 5*o. List the prime factors of a.
2, 5, 7
Let z = -1 - 0. Let l(d) = 4*d. Let h be l(z). List the prime factors of h/6*171/(-6).
19
Let y(z) = 7*z**3 - 7*z**2 + 10*z - 6. List the prime factors of y(4).
2, 5, 37
Let c = 38 - 1. Suppose -3*v + c = -14. Let k = v - 11. List the prime factors of k.
2, 3
Suppose -5*s + b = -2*b - 16, 0 = -s - 4*b - 6. Let o be (1 + 2)/1 - -1. Suppose -r = -2*l + 7, 4 = 2*l + o*r - s*r. List the prime factors of l.
3
Let y(q) = -q**2 - 7*q - 6. Let s be y(-4). Let l(d) = -5 + 32*d - 1 - 28*d. List the prime factors of l(s).
2, 3
What are the prime factors of (-3 + 7 - (-3 - -7)) + 292?
2, 73
Let v(z) = 13*z**3 - 2*z**2 + 9*z - 4. What are the prime factors of v(3)?
2, 89
Let b be (-210)/(-4)*24/30. Let q = b - -3. What are the prime factors of q?
3, 5
Suppose -24 = 3*g - 3*c, -5*c + 32 = -3*g - 0*g. Let o(y) be the third derivative of -y**4/12 - y**3/3 + 98*y**2. What are the prime factors of o(g)?
2, 3
Suppose -18*x = -22*x + 12. Suppose 3*m - 173 = t, 2*m + 65 - 178 = x*t. What are the prime factors of m?
2, 29
List the prime factors of 6/3*9/(162/13275).
5, 59
Let d(u) = -20*u - 8 - 8 + 7. What are the prime factors of d(-4)?
71
Let a = 2404 - 268. List the prime factors of a.
2, 3, 89
Suppose 0 = -58*h + 59*h - 198. Suppose 3*j - 387 = -3*w + 198, -2*w + h = j. What are the prime factors of j?
2, 3
Let l(h) = -h**2 - 4*h + 7. Let n be l(-5). List the prime factors of 9/1 + n + -2.
3
Let u(w) = 2*w + 16. Let i be u(-7). List the prime factors of 2*(67/i + 2).
71
Let d be (3/2 + -1)*6. Suppose -5*o + d*b - 5*b + 42 = 0, o - 4*b - 26 = 0. What are the prime factors of 328/o - (-14)/70?
3, 11
Let z be 6/(-8) + (-1083)/12. Let b = -46 - z. Suppose -91 = -5*h - y + 35, -2*h + b = -5*y. List the prime factors of h.
5
Let c = 34 + -40. Let m(o) = -o**2 - 6*o + 5. List the prime factors of m(c).
5
Let j(y) = 39 + y + 0 + 0*y. Suppose 0*g + 5*g = -70. List the prime factors of j(g).
5
Suppose 0 = 5*c - 3*w - 125, 2*w - 98 = -4*c + 4*w. Let d = -15 + 48. Let i = d - c. List the prime factors of i.
11
Let d(l) be the second derivative of l**5/20 + 11*l**4/6 + 29*l**3/6 + 5*l**2 - 43*l. What are the prime factors of d(-20)?
2, 5, 23
Let c be 12/20 - (-67)/5. Suppose -3*g + 5*y + 19 + c = 0, 4*g + 2*y = 70. List the prime factors of g - 0*(-2 + 3).
2
Suppose -9*r - 239 - 148 = 0. Let g be 864/10 + (-6)/15. Let d = r + g. What are the prime factors of d?
43
Suppose 59*i = 57*i + 6408. List the prime factors of i.
2, 3, 89
Let u = 410 - -1906. List the prime factors of u.
2, 3, 193
Suppose -2*o + 1 - 23 = 0. Let n = o + 46. Suppose -x + 5*v = -4 - n, 0 = 3*x + 3*v - 27. What are the prime factors of x?
2, 7
Suppose -k - 1 = -t - 16, 4*k + 4*t = 28. Suppose -3*h + 4 = -k. Suppose 10 + h = 3*d, -70 = -3*s - 5*d. List the prime factors of s.
3, 5
Suppose 5*w - 3*x = -25, 4*x = 5*w - w + 12. List the prime factors of (w/(-10))/(5/725).
2, 29
Let n(p) be the first derivativ